{"id":61,"date":"2016-04-22T09:18:19","date_gmt":"2016-04-22T09:18:19","guid":{"rendered":"http:\/\/cafe-halligalli.de\/?page_id=61"},"modified":"2018-04-30T07:57:33","modified_gmt":"2018-04-30T07:57:33","slug":"kontakt","status":"publish","type":"page","link":"http:\/\/cafe-halligalli.de\/?page_id=61","title":{"rendered":"Kontakt"},"content":{"rendered":"<div id=\"pl-61\"  class=\"panel-layout\" ><div id=\"pg-61-0\"  class=\"panel-grid panel-has-style\" ><div class=\"siteorigin-panels-stretch panel-row-style panel-row-style-for-61-0\" style=\"text-align: center;padding: 0px 0; \" data-stretch-type=\"full-stretched\" data-overlay=\"true\" ><div id=\"pgc-61-0-0\"  class=\"panel-grid-cell\" ><div id=\"panel-61-0-0-0\" class=\"so-panel widget widget_sow-google-map panel-first-child panel-last-child\" data-index=\"0\" ><div\n\t\t\t\n\t\t\tclass=\"so-widget-sow-google-map so-widget-sow-google-map-default-05ebfd8f3122-61\"\n\t\t\t\n\t\t>\n<div class=\"sow-google-map-canvas\"\n\tstyle=\"\"\n\tid=\"map-canvas-6a757a147dcc6f89e2b792c672d3c190\"\n\tdata-options=\"{&quot;address&quot;:&quot;Mozartstra\\u00dfe 39 50674 K\\u00f6ln&quot;,&quot;zoom&quot;:16,&quot;mobileZoom&quot;:16,&quot;gestureHandling&quot;:&quot;none&quot;,&quot;disableUi&quot;:false,&quot;markerIcon&quot;:&quot;http:\\\/\\\/cafe-halligalli.de\\\/wp-content\\\/uploads\\\/2016\\\/04\\\/logo_marker-1.png&quot;,&quot;markersDraggable&quot;:false,&quot;markerAtCenter&quot;:true,&quot;markerInfoDisplay&quot;:&quot;click&quot;,&quot;markerInfoMultiple&quot;:true,&quot;markerPositions&quot;:false,&quot;mapName&quot;:&quot;Custom Map&quot;,&quot;mapStyles&quot;:[{&quot;featureType&quot;:&quot;landscape&quot;,&quot;elementType&quot;:&quot;all&quot;,&quot;stylers&quot;:[{&quot;hue&quot;:&quot;#FFBB00&quot;},{&quot;saturation&quot;:43.400000000000006},{&quot;lightness&quot;:37.599999999999994},{&quot;gamma&quot;:1}]},{&quot;featureType&quot;:&quot;landscape&quot;,&quot;elementType&quot;:&quot;geometry.fill&quot;,&quot;stylers&quot;:[{&quot;color&quot;:&quot;#eae4e0&quot;}]},{&quot;featureType&quot;:&quot;poi&quot;,&quot;elementType&quot;:&quot;all&quot;,&quot;stylers&quot;:[{&quot;hue&quot;:&quot;#00FF6A&quot;},{&quot;saturation&quot;:-1.0989010989011234},{&quot;lightness&quot;:11.200000000000017},{&quot;gamma&quot;:1}]},{&quot;featureType&quot;:&quot;poi&quot;,&quot;elementType&quot;:&quot;labels.text.fill&quot;,&quot;stylers&quot;:[{&quot;color&quot;:&quot;#0b7382&quot;}]},{&quot;featureType&quot;:&quot;poi.school&quot;,&quot;elementType&quot;:&quot;geometry.fill&quot;,&quot;stylers&quot;:[{&quot;color&quot;:&quot;#83b8c0&quot;}]},{&quot;featureType&quot;:&quot;poi.sports_complex&quot;,&quot;elementType&quot;:&quot;geometry.fill&quot;,&quot;stylers&quot;:[{&quot;color&quot;:&quot;#589da7&quot;}]},{&quot;featureType&quot;:&quot;road.highway&quot;,&quot;elementType&quot;:&quot;all&quot;,&quot;stylers&quot;:[{&quot;hue&quot;:&quot;#FFC200&quot;},{&quot;saturation&quot;:-61.8},{&quot;lightness&quot;:45.599999999999994},{&quot;gamma&quot;:1}]},{&quot;featureType&quot;:&quot;road.arterial&quot;,&quot;elementType&quot;:&quot;all&quot;,&quot;stylers&quot;:[{&quot;hue&quot;:&quot;#FF0300&quot;},{&quot;saturation&quot;:-100},{&quot;lightness&quot;:51.19999999999999},{&quot;gamma&quot;:1}]},{&quot;featureType&quot;:&quot;road.local&quot;,&quot;elementType&quot;:&quot;all&quot;,&quot;stylers&quot;:[{&quot;hue&quot;:&quot;#FF0300&quot;},{&quot;saturation&quot;:-100},{&quot;lightness&quot;:52},{&quot;gamma&quot;:1}]},{&quot;featureType&quot;:&quot;transit&quot;,&quot;elementType&quot;:&quot;labels.text.fill&quot;,&quot;stylers&quot;:[{&quot;color&quot;:&quot;#085661&quot;}]},{&quot;featureType&quot;:&quot;water&quot;,&quot;elementType&quot;:&quot;all&quot;,&quot;stylers&quot;:[{&quot;hue&quot;:&quot;#0078FF&quot;},{&quot;saturation&quot;:-13.200000000000003},{&quot;lightness&quot;:2.4000000000000057},{&quot;gamma&quot;:1}]},{&quot;featureType&quot;:&quot;water&quot;,&quot;elementType&quot;:&quot;geometry.fill&quot;,&quot;stylers&quot;:[{&quot;color&quot;:&quot;#aad2d8&quot;}]}],&quot;directions&quot;:&quot;&quot;,&quot;apiKey&quot;:&quot;&quot;,&quot;breakpoint&quot;:&quot;780&quot;}\"\n\tdata-fallback-image=\"{&quot;img&quot;:&quot;&quot;}\"><\/div>\n<\/div><\/div><\/div><\/div><\/div><div id=\"pg-61-1\"  class=\"panel-grid panel-has-style\" ><div style=\"padding: 40px 0; \" data-overlay=\"true\" class=\"panel-row-style panel-row-style-for-61-1\" ><div id=\"pgc-61-1-0\"  class=\"panel-grid-cell\" ><div id=\"panel-61-1-0-0\" class=\"so-panel widget widget_sydney_skills sydney_skills_widget panel-first-child panel-last-child\" data-index=\"1\" >\r\n\t\t<h3 class=\"widget-title\">Kontakt &#038; Reservierungen<\/h3>\r\n\t\t   \r\n\t\t \r\n\t\t \r\n\t\t \r\n\r\n\t<\/div><\/div><\/div><\/div><div id=\"pg-61-2\"  class=\"panel-grid panel-has-style\" ><div class=\"siteorigin-panels-stretch panel-row-style panel-row-style-for-61-2\" style=\"padding: 0px 0; \" data-stretch-type=\"full\" data-overlay=\"true\" ><div id=\"pgc-61-2-0\"  class=\"panel-grid-cell\" ><div id=\"panel-61-2-0-0\" class=\"so-panel widget widget_sow-editor panel-first-child panel-last-child\" data-index=\"2\" ><div\n\t\t\t\n\t\t\tclass=\"so-widget-sow-editor so-widget-sow-editor-base\"\n\t\t\t\n\t\t>\n<div class=\"siteorigin-widget-tinymce textwidget\">\n\t<p>Caf\u00e9 Halli Galli<br \/> Das Eltern-Kind-Caf\u00e9<br \/> Inh. Jennifer Kaik-Scheuren<br \/> Mozartstr. 39<br \/> 50674 K\u00f6ln<\/p>\n<p>Tel: +49 (0) 221 60601919<br \/> Fax: +49 (0) 221 60601920<br \/> E-Mail: info@cafe-halligalli.de<br \/> Web: www.cafe-halligalli.de<\/p>\n<\/div>\n<\/div><\/div><\/div><div id=\"pgc-61-2-1\"  class=\"panel-grid-cell\" ><div id=\"panel-61-2-1-0\" class=\"so-panel widget widget_sow-editor panel-first-child panel-last-child\" data-index=\"3\" ><div\n\t\t\t\n\t\t\tclass=\"so-widget-sow-editor so-widget-sow-editor-base\"\n\t\t\t\n\t\t>\n<div class=\"siteorigin-widget-tinymce textwidget\">\n\t<p>Parkplatzsuche \u2013 Unser Tipp:<br \/> Klickt einfach auf das Banner und seht wo in der n\u00e4he etwas frei ist oder ladet euch die App von ampido herunter.<\/p>\n<p><a href=\"https:\/\/www.ampido.com\/parkplaetze?utf8=%E2%9C%93&amp;location=Mozartstra%C3%9Fe%2C+50674+K%C3%B6ln%2C+Deutschland&amp;slotsize=2&amp;exclude_smart_slots=off&amp;exclude_smart_slots=on&amp;referral_token=halligalli\" target=\"_blank\"><img loading=\"lazy\" decoding=\"async\" class=\"alignleft wp-image-439\" src=\"http:\/\/cafe-halligalli.de\/wp-content\/uploads\/2016\/04\/Webbanner_500x200.png\" alt=\"webbanner_500x200\" width=\"500\" height=\"200\" srcset=\"http:\/\/cafe-halligalli.de\/wp-content\/uploads\/2016\/04\/Webbanner_500x200.png 1042w, http:\/\/cafe-halligalli.de\/wp-content\/uploads\/2016\/04\/Webbanner_500x200-300x120.png 300w, http:\/\/cafe-halligalli.de\/wp-content\/uploads\/2016\/04\/Webbanner_500x200-768x307.png 768w, http:\/\/cafe-halligalli.de\/wp-content\/uploads\/2016\/04\/Webbanner_500x200-1024x410.png 1024w, http:\/\/cafe-halligalli.de\/wp-content\/uploads\/2016\/04\/Webbanner_500x200-830x332.png 830w, http:\/\/cafe-halligalli.de\/wp-content\/uploads\/2016\/04\/Webbanner_500x200-230x92.png 230w, http:\/\/cafe-halligalli.de\/wp-content\/uploads\/2016\/04\/Webbanner_500x200-350x140.png 350w\" sizes=\"auto, (max-width: 500px) 100vw, 500px\" \/><\/a><\/p>\n<p>\u00a0<\/p>\n<\/div>\n<\/div><\/div><\/div><\/div><\/div><div id=\"pg-61-3\"  class=\"panel-grid panel-has-style\" ><div style=\"padding: 40px 0; \" data-overlay=\"true\" class=\"panel-row-style panel-row-style-for-61-3\" ><div id=\"pgc-61-3-0\"  class=\"panel-grid-cell\" ><div id=\"panel-61-3-0-0\" class=\"so-panel widget widget_sydney_skills sydney_skills_widget panel-first-child panel-last-child\" data-index=\"4\" >\r\n\t\t\r\n\t\t   \r\n\t\t \r\n\t\t \r\n\t\t \r\n\r\n\t<\/div><\/div><\/div><\/div><\/div>","protected":false},"excerpt":{"rendered":"<p>Kontakt &#038; Reservierungen Caf\u00e9 Halli Galli Das Eltern-Kind-Caf\u00e9 Inh. Jennifer Kaik-Scheuren Mozartstr. 39 50674 K\u00f6ln Tel: +49 (0) 221 60601919 Fax: +49 [&hellip;]<\/p>\n","protected":false},"author":1,"featured_media":0,"parent":0,"menu_order":0,"comment_status":"closed","ping_status":"closed","template":"page-templates\/page_front-page.php","meta":{"footnotes":""},"class_list":["post-61","page","type-page","status-publish","hentry"],"_links":{"self":[{"href":"http:\/\/cafe-halligalli.de\/index.php?rest_route=\/wp\/v2\/pages\/61","targetHints":{"allow":["GET"]}}],"collection":[{"href":"http:\/\/cafe-halligalli.de\/index.php?rest_route=\/wp\/v2\/pages"}],"about":[{"href":"http:\/\/cafe-halligalli.de\/index.php?rest_route=\/wp\/v2\/types\/page"}],"author":[{"embeddable":true,"href":"http:\/\/cafe-halligalli.de\/index.php?rest_route=\/wp\/v2\/users\/1"}],"replies":[{"embeddable":true,"href":"http:\/\/cafe-halligalli.de\/index.php?rest_route=%2Fwp%2Fv2%2Fcomments&post=61"}],"version-history":[{"count":19,"href":"http:\/\/cafe-halligalli.de\/index.php?rest_route=\/wp\/v2\/pages\/61\/revisions"}],"predecessor-version":[{"id":450,"href":"http:\/\/cafe-halligalli.de\/index.php?rest_route=\/wp\/v2\/pages\/61\/revisions\/450"}],"wp:attachment":[{"href":"http:\/\/cafe-halligalli.de\/index.php?rest_route=%2Fwp%2Fv2%2Fmedia&parent=61"}],"curies":[{"name":"wp","href":"https:\/\/api.w.org\/{rel}","templated":true}]}}