{"id":415,"date":"2017-10-06T12:10:33","date_gmt":"2017-10-06T12:10:33","guid":{"rendered":"http:\/\/cafe-halligalli.de\/?page_id=415"},"modified":"2022-11-02T13:30:36","modified_gmt":"2022-11-02T13:30:36","slug":"feiern","status":"publish","type":"page","link":"http:\/\/cafe-halligalli.de\/?page_id=415","title":{"rendered":"Feiern"},"content":{"rendered":"<div id=\"pl-415\"  class=\"panel-layout\" ><div id=\"pg-415-0\"  class=\"panel-grid panel-has-style\" ><div class=\"siteorigin-panels-stretch panel-row-style panel-row-style-for-415-0\" style=\"text-align: center;background-image: url(http:\/\/cafe-halligalli.de\/wp-content\/uploads\/2017\/10\/Halli_Galli_Cafe_Kinder_Eltern_Koeln_feiern.jpg);padding: 300px 0; \" data-stretch-type=\"full\" data-hasbg=\"hasbg\" data-overlay=\"true\" ><div id=\"pgc-415-0-0\"  class=\"panel-grid-cell panel-grid-cell-empty\" ><\/div><\/div><\/div><div id=\"pg-415-1\"  class=\"panel-grid panel-has-style\" ><div class=\"siteorigin-panels-stretch panel-row-style panel-row-style-for-415-1\" style=\"text-align: center;padding: 100px 0; \" data-stretch-type=\"full\" data-overlay=\"true\" ><div id=\"pgc-415-1-0\"  class=\"panel-grid-cell\" ><div id=\"panel-415-1-0-0\" class=\"so-panel widget widget_text panel-first-child panel-last-child\" data-index=\"0\" ><h3 class=\"widget-title\">\u201eCelebrate good times, come on!\u201c<\/h3>\t\t\t<div class=\"textwidget\"><p>\u201eFeste soll man feiern, wie sie fallen,\u201c sagt der Volksmund. Und wir k\u00f6nnen dem nur zustimmen. Familie & Freunde an einem Tisch zu versammeln und das Leben zu feiern, auf wichtige Lebensabschnitte gemeinsam zur\u00fcckblicken, verbindet. Wer denkt nicht mit einem L\u00e4cheln an den ersten Geburtstag seines kleinen Zwergs oder an die eigene Hochzeit?<\/p>\n<p>Doch bevor es an die Planung eines solchen Events geht, rauschen einem die Fragen durch den Kopf: Wohin mit den ganzen G\u00e4sten? Wie kann man die Kleinen unterhalten? Was koche ich am besten? Im Caf\u00e9 Halli Galli k\u00f6nnt ihr Eure Familienfeier oder Kindergeburtstag in liebevoller & kindgerechter Atmosph\u00e4re feiern. Und nachts Kuchen backen? Machen wir!<\/p>\n<p>Bei uns Ihr habt die Wahl zwischen drei M\u00f6glichkeiten:<\/p>\n<\/div>\n\t\t<\/div><\/div><\/div><\/div><div id=\"pg-415-2\"  class=\"panel-grid panel-has-style\" ><div class=\"siteorigin-panels-stretch panel-row-style panel-row-style-for-415-2\" style=\"text-align: center;padding: 100px 0; \" data-stretch-type=\"full\" data-overlay=\"true\" ><div id=\"pgc-415-2-0\"  class=\"panel-grid-cell\" ><div id=\"panel-415-2-0-0\" class=\"so-panel widget widget_text panel-first-child panel-last-child\" data-index=\"1\" ><div style=\"text-align: left;\" data-title-color=\"#443f3f\" data-headings-color=\"#443f3f\" class=\"panel-widget-style panel-widget-style-for-415-2-0-0\" ><h3 class=\"widget-title\">Tisch- reservierungen<\/h3>\t\t\t<div class=\"textwidget\"><p>Bei einer Feier mit bis zu 20 Personen k\u00f6nnt Ihr einen\/mehrere Tisch(e) bei uns im Caf\u00e9 reservieren und alles was verzehrt wird, wird nach Karte abgerechnet. Zudem habt Ihr die M\u00f6glichkeit aus zwei Dekorationspaketen zu w\u00e4hlen:<\/p>\n<p>1. Kleine Deko: Farbe nach Wahl<\/p>\n<p>2. Gro\u00dfe Deko: Motto nach Wahl, inkl. eines Helium-Luftballons und Knabbereien<\/p>\n<p>Unsere hausgemachten Kuchen k\u00f6nnt Ihr gern vorab zum Preis ab 35,00 \u20ac je Kuchen ausw\u00e4hlen.<\/p>\n<p>Bitte beachtet: Der normale Caf\u00e9betrieb l\u00e4uft w\u00e4hrenddessen weiter. Au\u00dferdem ist die Selbstverpflegung in diesem Paket nicht gestattet.<\/p>\n<\/div>\n\t\t<\/div><\/div><\/div><div id=\"pgc-415-2-1\"  class=\"panel-grid-cell\" ><div id=\"panel-415-2-1-0\" class=\"so-panel widget widget_text panel-first-child panel-last-child\" data-index=\"2\" ><div style=\"text-align: left;\" data-title-color=\"#443f3f\" data-headings-color=\"#443f3f\" class=\"panel-widget-style panel-widget-style-for-415-2-1-0\" ><h3 class=\"widget-title\">Geschlossene Gesellschaft<\/h3>\t\t\t<div class=\"textwidget\"><p>Ihr m\u00f6chtet das ganze Spieleparadies nur f\u00fcr Euch? Wir schlie\u00dfen das Caf\u00e9 exklusiv f\u00fcr Euch &amp; Eure Partyg\u00e4ste! Speisen, Getr\u00e4nke und Torten k\u00f6nnt Ihr ganz individuell zusammenstellen.<\/p>\n<p>Auf Wunsch dekorieren wir das Halli Galli ganz getreu Eurem Motto oder der Farbe Eurer Wahl.<\/p>\n<p>Ab 20 Personen+ ist dieses Paket empfehlenswert.<\/p>\n<\/div>\n\t\t<\/div><\/div><\/div><div id=\"pgc-415-2-2\"  class=\"panel-grid-cell\" ><div id=\"panel-415-2-2-0\" class=\"so-panel widget widget_text panel-first-child panel-last-child\" data-index=\"3\" ><div class=\"panel-widget-style panel-widget-style-for-415-2-2-0\" ><h3 class=\"widget-title\">Partyraum \u201eUnterwasserwelt\u201c<\/h3>\t\t\t<div class=\"textwidget\"><p>Seid Ihr mutige Piraten oder Meerjungfrauen und wollt in unserer neuen \u201eUnterwasserwelt\u201c in See stechen? Dann mietet unseren Partyraum im Untergescho\u00df (ca. 85 qm) geeignet f\u00fcr bis zu 30 Erwachsene mit eigenem Spielbereich. Es warten ein Piratenschiff mit H\u00e4ngebr\u00fccke & Rutsche sowie B\u00e4llebad auf Euch.<\/p>\n<p>Der Raum verf\u00fcgt \u00fcber 30 Sitzpl\u00e4tze, einen Stehtisch, eine Musik- & Lichteranlage wie auch einer kleinen K\u00fcche.<\/p>\n<p>Der Mietpreis betr\u00e4gt 59,00 \u20ac\/Stunde zzgl. 15,00 \u20ac f\u00fcr die Endreinigung. Optional k\u00f6nnt Ihr verschiedene Zusatzleistungen hinzubuchen oder Ihr bringt Speisen & Getr\u00e4nke einfach selbst mit.<br \/>\nF\u00fcr die Dauer der Miete steht der Partyraum selbstverst\u00e4ndlich alleinig Euch zur Verf\u00fcgung.<\/p>\n<p>Mehr zu unserer Unterwasserwelt und deren Zusatzleistungen findet Ihr <a href=\"http:\/\/cafe-halligalli.de\/?page_id=394\">hier<\/a>.<\/p>\n<\/div>\n\t\t<\/div><\/div><\/div><\/div><\/div><div id=\"pg-415-3\"  class=\"panel-grid panel-has-style\" ><div class=\"siteorigin-panels-stretch panel-row-style panel-row-style-for-415-3\" style=\"text-align: center;padding: 100px 0; \" data-stretch-type=\"full\" data-overlay=\"true\" ><div id=\"pgc-415-3-0\"  class=\"panel-grid-cell\" ><div id=\"panel-415-3-0-0\" class=\"so-panel widget widget_text panel-first-child panel-last-child\" data-index=\"4\" >\t\t\t<div class=\"textwidget\"><p>Wir unterst\u00fctzen Euch gern bei der Umsetzung Eurer Ideen.<br \/>\nIhr erreicht uns via E-Mail an <a href=\"mailto:info@cafe-halligalli.de\">info@cafe-halligalli.de<\/a> oder \u00fcber Facebook und telefonisch unter 0221 60601919<\/p>\n<p>Let\u2019s celebrate!<\/p>\n<\/div>\n\t\t<\/div><\/div><\/div><\/div><\/div>","protected":false},"excerpt":{"rendered":"<p>\u201eFeste soll man feiern, wie sie fallen,\u201c sagt der Volksmund. Und wir k\u00f6nnen dem nur zustimmen. Familie &#038; Freunde an einem Tisch [&hellip;]<\/p>\n","protected":false},"author":1,"featured_media":0,"parent":0,"menu_order":0,"comment_status":"closed","ping_status":"closed","template":"page-templates\/page_front-page.php","meta":{"footnotes":""},"class_list":["post-415","page","type-page","status-publish","hentry"],"_links":{"self":[{"href":"http:\/\/cafe-halligalli.de\/index.php?rest_route=\/wp\/v2\/pages\/415","targetHints":{"allow":["GET"]}}],"collection":[{"href":"http:\/\/cafe-halligalli.de\/index.php?rest_route=\/wp\/v2\/pages"}],"about":[{"href":"http:\/\/cafe-halligalli.de\/index.php?rest_route=\/wp\/v2\/types\/page"}],"author":[{"embeddable":true,"href":"http:\/\/cafe-halligalli.de\/index.php?rest_route=\/wp\/v2\/users\/1"}],"replies":[{"embeddable":true,"href":"http:\/\/cafe-halligalli.de\/index.php?rest_route=%2Fwp%2Fv2%2Fcomments&post=415"}],"version-history":[{"count":15,"href":"http:\/\/cafe-halligalli.de\/index.php?rest_route=\/wp\/v2\/pages\/415\/revisions"}],"predecessor-version":[{"id":528,"href":"http:\/\/cafe-halligalli.de\/index.php?rest_route=\/wp\/v2\/pages\/415\/revisions\/528"}],"wp:attachment":[{"href":"http:\/\/cafe-halligalli.de\/index.php?rest_route=%2Fwp%2Fv2%2Fmedia&parent=415"}],"curies":[{"name":"wp","href":"https:\/\/api.w.org\/{rel}","templated":true}]}}